s -110 + -1011001?
-1011111
In base 2, what is -1 + 10011000001?
10011000000
In base 2, what is 11011111 + -11010?
11000101
In base 10, what is -147 - -1?
-146
In base 5, what is -2 - 140?
-142
In base 3, what is -10 + 111000?
110220
In base 10, what is 25271 - -4?
25275
In base 4, what is 3 + 111?
120
In base 6, what is -1054 + -11?
-1105
In base 2, what is -1001 - 110000011?
-110001100
In base 8, what is -11 + 1?
-10
In base 14, what is 28d - 4?
289
In base 14, what is -454 + c?
-446
In base 5, what is 3 + -22330?
-22322
In base 7, what is -300 - -2?
-265
In base 13, what is 184 + 5?
189
In base 2, what is -110 + -111?
-1101
In base 13, what is -3 + -3b?
-41
In base 13, what is -c + 100?
c1
In base 11, what is 3 + 182?
185
In base 14, what is -19 + -27c?
-297
In base 11, what is 2 + 29?
30
In base 9, what is 1402 - -5?
1407
In base 7, what is 433 + -33?
400
In base 9, what is 252 - -10?
262
In base 11, what is -2 - 68?
-6a
In base 9, what is -4 + -1?
-5
In base 5, what is 222 - 1?
221
In base 3, what is 1021111210 - -11?
1021111221
In base 10, what is 3 + -65?
-62
In base 13, what is -74 + 82?
b
In base 3, what is -120220 - -12?
-120201
In base 5, what is 13030 - 10?
13020
In base 7, what is -235 + 13?
-222
In base 3, what is -1021110 + -2?
-1021112
In base 8, what is -531 + 2?
-527
In base 11, what is 7 + -23?
-17
In base 3, what is -22 - -122202?
122110
In base 9, what is 2344 + -11?
2333
In base 5, what is 4222 - -1?
4223
In base 13, what is 14 + 2?
16
In base 13, what is -35 - -4?
-31
In base 7, what is 21 - 16?
2
In base 3, what is 1101 - 120?
211
In base 11, what is 30 - 8?
23
In base 8, what is 1134 - 2?
1132
In base 15, what is -8b0 + 5?
-8aa
In base 12, what is -126 - -4?
-122
In base 10, what is -116 + 5?
-111
In base 6, what is -55 - 353?
-452
In base 11, what is 7633 + -4?
762a
In base 4, what is 100010 - 1?
100003
In base 3, what is 21 + 0?
21
In base 3, what is 11 - 22002?
-21221
In base 13, what is -2 + 127?
125
In base 8, what is 4 - 60?
-54
In base 9, what is -2 - -37?
35
In base 10, what is -243 + 11?
-232
In base 15, what is 0 + -d7?
-d7
In base 2, what is 1111010 - -101?
1111111
In base 6, what is 41 - 25?
12
In base 7, what is -554 + -13?
-600
In base 4, what is -10300 - -11?
-10223
In base 16, what is d8b - 2?
d89
In base 12, what is 130 + 4?
134
In base 3, what is -12 - -10101?
10012
In base 7, what is 3 - 26645?
-26642
In base 4, what is -2111302 - 3?
-2111311
In base 5, what is -4 + -101?
-110
In base 12, what is 1 - 48?
-47
In base 14, what is -b7d - 3?
-b82
In base 8, what is 3 - -105?
110
In base 13, what is 147 + 6?
150
In base 14, what is 125 - c?
117
In base 10, what is -21 - 1?
-22
In base 3, what is 102 + -120?
-11
In base 11, what is -101 + -20?
-121
In base 5, what is -13 + 22320?
22302
In base 6, what is -3 - 111?
-114
In base 12, what is 0 + 40?
40
In base 8, what is 5046 + 4?
5052
In base 12, what is 58 + -2?
56
In base 12, what is -547 - 2?
-549
In base 10, what is -3 + -150?
-153
In base 8, what is 4 + -216?
-212
In base 2, what is -1011111 + 10001?
-1001110
In base 7, what is 35 - 0?
35
In base 7, what is 0 + 40?
40
In base 9, what is -228 + 26?
-202
In base 7, what is -1 - -1536?
1535
In base 7, what is 2 - -2542?
2544
In base 8, what is 122 + 24?
146
In base 9, what is 8523 + -1?
8522
In base 14, what is -8 + a?
2
In base 7, what is -12 - -24?
12
In base 11, what is 2 - a1?
-9a
In base 12, what is -12 - 16?
-28
In base 8, what is 1 + 2743?
2744
In base 3, what is -2 + -220?
-222
In base 6, what is -244 - -1?
-243
In base 15, what is -7 - -30?
28
In base 4, what is -2113 + -100?
-2213
In base 12, what is -811 - 5?
-816
In base 14, what is -493 - -4?
-48d
In base 15, what is -2 - 15e?
-161
In base 3, what is 12020 - -12?
12102
In base 3, what is -2 - -10010121?
10010112
In base 11, what is -83 - 5?
-88
In base 6, what is -24310 - -2?
-24304
In base 11, what is 6 + 8?
13
In base 3, what is -10022 + 0?
-10022
In base 11, what is 5 + -1a?
-15
In base 16, what is 4 + 38?
3c
In base 14, what is -1 + 750?
74d
In base 14, what is -1 + 8d?
8c
In base 6, what is 14 + -1240?
-1222
In base 2, what is -1 - -110?
101
In base 7, what is -4 + -2561?
-2565
In base 4, what is 122201 + 11?
122212
In base 3, what is -10102 + 1?
-10101
In base 2, what is 1110000 + 111?
1110111
In base 13, what is 735 - 1?
734
In base 6, what is 2 + -1140?
-1134
In base 2, what is 11110111100 + 11?
11110111111
In base 9, what is 13 + -72?
-58
In base 12, what is -60 - -38?
-24
In base 13, what is -a + -39?
-46
In base 8, what is -625 - -5?
-620
In base 5, what is -1204 + -3?
-1212
In base 3, what is -202012 + 12?
-202000
In base 6, what is 11 + -2?
5
In base 13, what is 1 + 9c?
a0
In base 11, what is -158 + -4?
-161
In base 7, what is 123 - 43?
50
In base 11, what is 5 + 23?
28
In base 5, what is 4 + -2340?
-2331
In base 7, what is 3134 - -36?
3203
In base 11, what is 3359 - 1?
3358
In base 10, what is -592 + -4?
-596
In base 7, what is 142 + 2?
144
In base 5, what is -131034 - -2?
-131032
In base 4, what is 10 + 2102231?
2102301
In base 11, what is 7 + -33?
-27
In base 6, what is 0 - 351?
-351
In base 2, what is 10001001011 - 10101?
10000110110
In base 14, what is -23 + -1?
-24
In base 5, what is -22 + -42?
-114
In base 10, what is -1 - -11?
10
In base 7, what is -12 - 25?
-40
In base 4, what is 11110 - 10?
11100
In base 6, what is -220 + 3?
-213
In base 10, what is 4 + -35?
-31
In base 8, what is 316 + 23?
341
In base 5, what is 30001 + 0?
30001
In base 4, what is 11 - 2003?
-1332
In base 14, what is -3 - ab?
-b0
In base 13, what is 0 + -15b0?
-15b0
In base 14, what is -9dc + -3?
-a01
In base 8, what is -5 + -505?
-512
In base 13, what is -b5 + 35?
-80
In base 6, what is -25100 + -1?
-25101
In base 4, what is 22 - 100?
-12
In base 15, what is 3 + 122?
125
In base 16, what is -2 + 1b3?
1b1
In base 3, what is 210 + 2220?
10200
In base 14, what is 1 + -2a5?
-2a4
In base 9, what is -42 + -35?
-77
In base 2, what is -110101 + 11?
-110010
In base 2, what is 11010 - 111?
10011
In base 2, what is -101 - 10010110?
-10011011
In base 15, what is 105 - -2?
107
In base 11, what is -129 + -6?
-134
In base 11, what is -3 - 52?
-55
In base 12, what is -175 - 4?
-179
In base 5, what is -4 + 144?
140
In base 15, what is 3 - 2d?
-2a
In base 5, what is 2 + -14?
-12
In base 5, what is -23 - -1114?
1041
In base 3, what is -211022 - -1?
-211021
In base 10, what is -3212 + -4?
-3216
In base 2, what is -111 + 1010111?
1010000
In base 12, what is -131 - -1?
-130
In base 15, what is -4 + 1d?
19
In base 4, what is -120 + -32?
-212
In base 9, what is 5 + 4?
10
In base 8, what is 24 - -45?
71
In base 12, what is 14 + 76a?
782
In base 5, what is -10 + -23141?
-23201
In base 3, what is 120121 + -2?
120112
In base 5, what is -13 + -42?
-110
In base 5, what is -4 - -10?
1
In base 6, what is 11 - 10112?
-10101
In base 16, what is 2d36 + -4?
2d32
In base 10, what is 2 - -21?
23
In base 16, what is 15 + -9?
c
In base 7, what is -6233 + 3?
-6230
In base 6, what is 121 - -50?
211
In base 3, what is 222001 - -112?
222120
In base 5, what is -1242 - -3?
-1234
In base 11, what is -26 - -52?
27
In base 11, what is 14 - 15?
-1
In base 14, what is -924 - -5?
-91d
In base 7, what is -121 + 205?
54
In base 3, what is -2100 + -111?
-2211
In base 8, what is -24 + -113?
-137
In base 4, what is 10 + 122?
132
In base 6, what is -2 - 242?
-244
In base 13, what is 36 - 11?
25
In base 16, what is 3b - 12?
29
In base 6, what is -2 + 3135?
3133
In base 6, what is 3 - 45?
-42
In base 7, what is 614 - -2?
616
In base 16, what is -2 - -d0?
ce
In base 16, what is b - 3?
8
In base 10, what is 151 + -2?
149
In base 7, what is -11 + 63?
52
In base 3, what is -1021 - 2011?
-10102
In base 15, what is 39d + -3?
39a
In base 14, what is b2 + -d?
a3
In base 8, what is -5 + -1?
-6
In base 2, what is -11011100 + 101?
-11010111
In base 6, what is -3 - 1?
-4
In base 16, what is -34 + 52?
1e
In base 3, what is 20002 + 1001?
21010
In base 5, what is 22341 + -14?
22322
In base 8, what is 310 + -12?
276
In base 13, what is -4bc4 + 5?
-4bbc
In base 16, what is 3 - 30b?
-308
In base 4, what is -122 + 210?
22
In base 8, what is 4 - 316?
-312
In base 15, what is -9 - 63?
-6c
In base 14, what is b + 1?
c
In base 6